{"id":2507,"date":"2021-06-15T16:28:45","date_gmt":"2021-06-15T14:28:45","guid":{"rendered":"https:\/\/allezvousfairevoir.com\/?page_id=2507"},"modified":"2021-06-17T16:43:32","modified_gmt":"2021-06-17T14:43:32","slug":"journee-type","status":"publish","type":"page","link":"https:\/\/allezvousfairevoir.com\/index.php\/saison-1\/journee-type\/","title":{"rendered":"Journ\u00e9e Type"},"content":{"rendered":"<p>[vc_row][vc_column][vc_custom_heading text=\u00a0\u00bbJourn\u00e9e Type\u00a0\u00bb font_container=\u00a0\u00bbtag:h1|text_align:center\u00a0\u00bb google_fonts=\u00a0\u00bbfont_family:Roboto%3A100%2C100italic%2C300%2C300italic%2Cregular%2Citalic%2C500%2C500italic%2C700%2C700italic%2C900%2C900italic|font_style:900%20bold%20regular%3A900%3Anormal\u00a0\u00bb][\/vc_column][\/vc_row][vc_row][vc_column][vc_video link=\u00a0\u00bbhttps:\/\/www.youtube.com\/watch?v=TTFFRiKNn7Y\u00a0\u00bb align=\u00a0\u00bbcenter\u00a0\u00bb][\/vc_column][\/vc_row][vc_row][vc_column width=\u00a0\u00bb2\/3&Prime;][vc_column_text]saison 1 \/ ep. 1 &#8211; journ\u00e9e type[\/vc_column_text][vc_custom_heading text=\u00a0\u00bbUne journ\u00e9e type chez Staenk | Ep.01&Prime; font_container=\u00a0\u00bbtag:h2|font_size:30px|text_align:left\u00a0\u00bb google_fonts=\u00a0\u00bbfont_family:Roboto%3A100%2C100italic%2C300%2C300italic%2Cregular%2Citalic%2C500%2C500italic%2C700%2C700italic%2C900%2C900italic|font_style:500%20bold%20regular%3A500%3Anormal\u00a0\u00bb][vc_column_text]Bienvenue au c\u0153ur de la vie de l&rsquo;agence Staenk. D\u00e9couvrez comment cohabitent nos experts ! \ud83d\udca5<\/p>\n<p>Maud notre directrice conseil inarr\u00eatable vous pr\u00e9sente avec totale transparence une journ\u00e9e type chez Staenk. Voil\u00e0 pourquoi nous sommes experts dans notre domaine avec comme seul objectif la performance.\ud83d\udcc8<\/p>\n<p>Bon visionageux<\/p>\n<p>PS : Sorry pour les fautes de frappes, probablement en train de r\u00e9diger ces lignes \u00e0 4h du matin ;)[\/vc_column_text][\/vc_column][vc_column width=\u00a0\u00bb1\/3&Prime; css=\u00a0\u00bb.vc_custom_1623770845140{padding-top: 30px !important;}\u00a0\u00bb][vc_custom_heading text=\u00a0\u00bbDate de r\u00e9alisation :\u00a0\u00bb font_container=\u00a0\u00bbtag:h3|font_size:18px|text_align:left\u00a0\u00bb google_fonts=\u00a0\u00bbfont_family:Roboto%3A100%2C100italic%2C300%2C300italic%2Cregular%2Citalic%2C500%2C500italic%2C700%2C700italic%2C900%2C900italic|font_style:500%20bold%20regular%3A500%3Anormal\u00a0\u00bb css=\u00a0\u00bb.vc_custom_1623770800555{margin-bottom: 0px !important;}\u00a0\u00bb][vc_column_text css=\u00a0\u00bb.vc_custom_1623770944660{margin-top: 0px !important;}\u00a0\u00bb]Juin 2021[\/vc_column_text][vc_custom_heading text=\u00a0\u00bbR\u00e9alisateur :\u00a0\u00bb font_container=\u00a0\u00bbtag:h3|font_size:18px|text_align:left\u00a0\u00bb google_fonts=\u00a0\u00bbfont_family:Roboto%3A100%2C100italic%2C300%2C300italic%2Cregular%2Citalic%2C500%2C500italic%2C700%2C700italic%2C900%2C900italic|font_style:500%20bold%20regular%3A500%3Anormal\u00a0\u00bb css=\u00a0\u00bb.vc_custom_1623771762314{margin-bottom: 0px !important;}\u00a0\u00bb][vc_column_text css=\u00a0\u00bb.vc_custom_1623771712223{margin-top: 0px !important;}\u00a0\u00bb]<a href=\"https:\/\/fr.linkedin.com\/in\/maximegayet\">Maxime Gayet<\/a>[\/vc_column_text][vc_custom_heading text=\u00a0\u00bbActeur :\u00a0\u00bb font_container=\u00a0\u00bbtag:h3|font_size:18px|text_align:left\u00a0\u00bb google_fonts=\u00a0\u00bbfont_family:Roboto%3A100%2C100italic%2C300%2C300italic%2Cregular%2Citalic%2C500%2C500italic%2C700%2C700italic%2C900%2C900italic|font_style:500%20bold%20regular%3A500%3Anormal\u00a0\u00bb css=\u00a0\u00bb.vc_custom_1623771776226{margin-bottom: 0px !important;}\u00a0\u00bb][vc_column_text css=\u00a0\u00bb.vc_custom_1623830255754{margin-top: 0px !important;}\u00a0\u00bb]<a href=\"https:\/\/www.linkedin.com\/in\/maud-vallesella-47a4a149\/\">Maud Vallesella<\/a>, <a href=\"https:\/\/www.linkedin.com\/in\/jordanlapendry\/\">Jordan Lapendry<\/a>, <a href=\"https:\/\/www.linkedin.com\/in\/cl%C3%A9mentine-h%C3%A9dont001\/\">Cl\u00e9mentine H\u00e9dont<\/a>, <a href=\"https:\/\/www.linkedin.com\/in\/d%C3%A9borah-achour\/\">Deborah Achour<\/a>, <a href=\"https:\/\/www.linkedin.com\/in\/alicia-paya-marketing-digital\/\">Alicia Paya<\/a>, <a href=\"https:\/\/www.linkedin.com\/in\/nils-degremont-marketing-digital\/\">Nils Degremont<\/a>[\/vc_column_text][\/vc_column][\/vc_row][vc_row][vc_column][vc_empty_space height=\u00a0\u00bb70px\u00a0\u00bb][\/vc_column][\/vc_row][vc_row][vc_column width=\u00a0\u00bb1\/3&Prime;][\/vc_column][vc_column width=\u00a0\u00bb1\/3&Prime;][vc_btn title=\u00a0\u00bb\u00c9PISODES SAISON 1&Prime; style=\u00a0\u00bboutline\u00a0\u00bb color=\u00a0\u00bbwhite\u00a0\u00bb size=\u00a0\u00bbsm\u00a0\u00bb align=\u00a0\u00bbcenter\u00a0\u00bb link=\u00a0\u00bburl:https%3A%2F%2Fallezvousfairevoir.com%2Findex.php%2Fsaison-1%2F|title:Saison%201&Prime;][\/vc_column][vc_column width=\u00a0\u00bb1\/3&Prime;][vc_btn title=\u00a0\u00bb\u00c9PISODE 2&Prime; style=\u00a0\u00bboutline\u00a0\u00bb color=\u00a0\u00bbwhite\u00a0\u00bb size=\u00a0\u00bbsm\u00a0\u00bb align=\u00a0\u00bbright\u00a0\u00bb i_align=\u00a0\u00bbright\u00a0\u00bb i_icon_fontawesome=\u00a0\u00bbfas fa-arrow-right\u00a0\u00bb add_icon=\u00a0\u00bbtrue\u00a0\u00bb link=\u00a0\u00bburl:https%3A%2F%2Fallezvousfairevoir.com%2Findex.php%2Fdirecteur-implique%2F|title:Directeur%20Impliqu%C3%A9&Prime;][\/vc_column][\/vc_row]<\/p>\n","protected":false},"excerpt":{"rendered":"<p>[vc_row][vc_column][vc_custom_heading text=\u00a0\u00bbJourn\u00e9e Type\u00a0\u00bb font_container=\u00a0\u00bbtag:h1|text_align:center\u00a0\u00bb google_fonts=\u00a0\u00bbfont_family:Roboto%3A100%2C100italic%2C300%2C300italic%2Cregular%2Citalic%2C500%2C500italic%2C700%2C700italic%2C900%2C900italic|font_style:900%20bold%20regular%3A900%3Anormal\u00a0\u00bb][\/vc_column][\/vc_row][vc_row][vc_column][vc_video link=\u00a0\u00bbhttps:\/\/www.youtube.com\/watch?v=TTFFRiKNn7Y\u00a0\u00bb align=\u00a0\u00bbcenter\u00a0\u00bb][\/vc_column][\/vc_row][vc_row][vc_column width=\u00a0\u00bb2\/3&Prime;][vc_column_text]saison 1 \/ ep. 1 &#8211; journ\u00e9e type[\/vc_column_text][vc_custom_heading text=\u00a0\u00bbUne journ\u00e9e type chez Staenk | Ep.01&Prime; font_container=\u00a0\u00bbtag:h2|font_size:30px|text_align:left\u00a0\u00bb google_fonts=\u00a0\u00bbfont_family:Roboto%3A100%2C100italic%2C300%2C300italic%2Cregular%2Citalic%2C500%2C500italic%2C700%2C700italic%2C900%2C900italic|font_style:500%20bold%20regular%3A500%3Anormal\u00a0\u00bb][vc_column_text]Bienvenue au c\u0153ur de la vie de l&rsquo;agence Staenk. D\u00e9couvrez comment cohabitent nos experts ! \ud83d\udca5 Maud [&hellip;]<\/p>\n","protected":false},"author":1,"featured_media":2633,"parent":2485,"menu_order":0,"comment_status":"closed","ping_status":"closed","template":"","meta":[],"_links":{"self":[{"href":"https:\/\/allezvousfairevoir.com\/index.php\/wp-json\/wp\/v2\/pages\/2507"}],"collection":[{"href":"https:\/\/allezvousfairevoir.com\/index.php\/wp-json\/wp\/v2\/pages"}],"about":[{"href":"https:\/\/allezvousfairevoir.com\/index.php\/wp-json\/wp\/v2\/types\/page"}],"author":[{"embeddable":true,"href":"https:\/\/allezvousfairevoir.com\/index.php\/wp-json\/wp\/v2\/users\/1"}],"replies":[{"embeddable":true,"href":"https:\/\/allezvousfairevoir.com\/index.php\/wp-json\/wp\/v2\/comments?post=2507"}],"version-history":[{"count":27,"href":"https:\/\/allezvousfairevoir.com\/index.php\/wp-json\/wp\/v2\/pages\/2507\/revisions"}],"predecessor-version":[{"id":2620,"href":"https:\/\/allezvousfairevoir.com\/index.php\/wp-json\/wp\/v2\/pages\/2507\/revisions\/2620"}],"up":[{"embeddable":true,"href":"https:\/\/allezvousfairevoir.com\/index.php\/wp-json\/wp\/v2\/pages\/2485"}],"wp:featuredmedia":[{"embeddable":true,"href":"https:\/\/allezvousfairevoir.com\/index.php\/wp-json\/wp\/v2\/media\/2633"}],"wp:attachment":[{"href":"https:\/\/allezvousfairevoir.com\/index.php\/wp-json\/wp\/v2\/media?parent=2507"}],"curies":[{"name":"wp","href":"https:\/\/api.w.org\/{rel}","templated":true}]}}

Journée Type

<p>[vc_row][vc_column][vc_custom_heading text= »Journée Type » font_container= »tag:h1|text_align:center » google_fonts= »font_family:Roboto%3A100%2C100italic%2C300%2C300italic%2Cregular%2Citalic%2C500%2C500italic%2C700%2C700italic%2C900%2C900italic|font_style:900%20bold%20regular%3A900%3Anormal »][/vc_column][/vc_row][vc_row][vc_column][vc_video link= »https://www.youtube.com/watch?v=TTFFRiKNn7Y » align= »center »][/vc_column][/vc_row][vc_row][vc_column width= »2/3&Prime;][vc_column_text]saison 1 / ep. 1 &#8211; journée type[/vc_column_text][vc_custom_heading text= »Une journée type chez Staenk | Ep.01&Prime; font_container= »tag:h2|font_size:30px|text_align:left » google_fonts= »font_family:Roboto%3A100%2C100italic%2C300%2C300italic%2Cregular%2Citalic%2C500%2C500italic%2C700%2C700italic%2C900%2C900italic|font_style:500%20bold%20regular%3A500%3Anormal »][vc_column_text]Bienvenue au cœur de la vie de l&rsquo;agence Staenk. Découvrez comment cohabitent nos experts ! 💥</p>
<p>Maud notre directrice conseil inarrêtable vous présente avec totale transparence une journée type chez Staenk. Voilà pourquoi nous sommes experts dans notre domaine avec comme seul objectif la performance.📈</p>
<p>Bon visionageux</p>
<p>PS : Sorry pour les fautes de frappes, probablement en train de rédiger ces lignes à 4h du matin ;)[/vc_column_text][/vc_column][vc_column width= »1/3&Prime; css= ».vc_custom_1623770845140{padding-top: 30px !important;} »][vc_custom_heading text= »Date de réalisation : » font_container= »tag:h3|font_size:18px|text_align:left » google_fonts= »font_family:Roboto%3A100%2C100italic%2C300%2C300italic%2Cregular%2Citalic%2C500%2C500italic%2C700%2C700italic%2C900%2C900italic|font_style:500%20bold%20regular%3A500%3Anormal » css= ».vc_custom_1623770800555{margin-bottom: 0px !important;} »][vc_column_text css= ».vc_custom_1623770944660{margin-top: 0px !important;} »]Juin 2021[/vc_column_text][vc_custom_heading text= »Réalisateur : » font_container= »tag:h3|font_size:18px|text_align:left » google_fonts= »font_family:Roboto%3A100%2C100italic%2C300%2C300italic%2Cregular%2Citalic%2C500%2C500italic%2C700%2C700italic%2C900%2C900italic|font_style:500%20bold%20regular%3A500%3Anormal » css= ».vc_custom_1623771762314{margin-bottom: 0px !important;} »][vc_column_text css= ».vc_custom_1623771712223{margin-top: 0px !important;} »]<a href="https://fr.linkedin.com/in/maximegayet">Maxime Gayet</a>[/vc_column_text][vc_custom_heading text= »Acteur : » font_container= »tag:h3|font_size:18px|text_align:left » google_fonts= »font_family:Roboto%3A100%2C100italic%2C300%2C300italic%2Cregular%2Citalic%2C500%2C500italic%2C700%2C700italic%2C900%2C900italic|font_style:500%20bold%20regular%3A500%3Anormal » css= ».vc_custom_1623771776226{margin-bottom: 0px !important;} »][vc_column_text css= ».vc_custom_1623830255754{margin-top: 0px !important;} »]<a href="https://www.linkedin.com/in/maud-vallesella-47a4a149/">Maud Vallesella</a>, <a href="https://www.linkedin.com/in/jordanlapendry/">Jordan Lapendry</a>, <a href="https://www.linkedin.com/in/cl%C3%A9mentine-h%C3%A9dont001/">Clémentine Hédont</a>, <a href="https://www.linkedin.com/in/d%C3%A9borah-achour/">Deborah Achour</a>, <a href="https://www.linkedin.com/in/alicia-paya-marketing-digital/">Alicia Paya</a>, <a href="https://www.linkedin.com/in/nils-degremont-marketing-digital/">Nils Degremont</a>[/vc_column_text][/vc_column][/vc_row][vc_row][vc_column][vc_empty_space height= »70px »][/vc_column][/vc_row][vc_row][vc_column width= »1/3&Prime;][/vc_column][vc_column width= »1/3&Prime;][vc_btn title= »ÉPISODES SAISON 1&Prime; style= »outline » color= »white » size= »sm » align= »center » link= »url:https%3A%2F%2Fallezvousfairevoir.com%2Findex.php%2Fsaison-1%2F|title:Saison%201&Prime;][/vc_column][vc_column width= »1/3&Prime;][vc_btn title= »ÉPISODE 2&Prime; style= »outline » color= »white » size= »sm » align= »right » i_align= »right » i_icon_fontawesome= »fas fa-arrow-right » add_icon= »true » link= »url:https%3A%2F%2Fallezvousfairevoir.com%2Findex.php%2Fdirecteur-implique%2F|title:Directeur%20Impliqu%C3%A9&Prime;][/vc_column][/vc_row]</p>

<p>[vc_row][vc_column][vc_custom_heading text= »Journée Type » font_container= »tag:h1|text_align:center » google_fonts= »font_family:Roboto%3A100%2C100italic%2C300%2C300italic%2Cregular%2Citalic%2C500%2C500italic%2C700%2C700italic%2C900%2C900italic|font_style:900%20bold%20regular%3A900%3Anormal »][/vc_column][/vc_row][vc_row][vc_column][vc_video link= »https://www.youtube.com/watch?v=TTFFRiKNn7Y » align= »center »][/vc_column][/vc_row][vc_row][vc_column width= »2/3&Prime;][vc_column_text]saison 1 / ep. 1 &#8211; journée type[/vc_column_text][vc_custom_heading text= »Une journée type chez Staenk | Ep.01&Prime; font_container= »tag:h2|font_size:30px|text_align:left » google_fonts= »font_family:Roboto%3A100%2C100italic%2C300%2C300italic%2Cregular%2Citalic%2C500%2C500italic%2C700%2C700italic%2C900%2C900italic|font_style:500%20bold%20regular%3A500%3Anormal »][vc_column_text]Bienvenue au cœur de la vie de l&rsquo;agence Staenk. Découvrez comment cohabitent nos experts ! 💥 Maud [&hellip;]</p>
