{"id":2530,"date":"2021-06-16T10:06:41","date_gmt":"2021-06-16T08:06:41","guid":{"rendered":"https:\/\/allezvousfairevoir.com\/?page_id=2530"},"modified":"2021-06-17T16:44:14","modified_gmt":"2021-06-17T14:44:14","slug":"directeur-implique","status":"publish","type":"page","link":"https:\/\/allezvousfairevoir.com\/index.php\/saison-1\/directeur-implique\/","title":{"rendered":"Directeur Impliqu\u00e9"},"content":{"rendered":"<p>[vc_row][vc_column][vc_custom_heading text=\u00a0\u00bbDirecteur Impliqu\u00e9\u00a0\u00bb font_container=\u00a0\u00bbtag:h1|text_align:center\u00a0\u00bb google_fonts=\u00a0\u00bbfont_family:Roboto%3A100%2C100italic%2C300%2C300italic%2Cregular%2Citalic%2C500%2C500italic%2C700%2C700italic%2C900%2C900italic|font_style:900%20bold%20regular%3A900%3Anormal\u00a0\u00bb][\/vc_column][\/vc_row][vc_row][vc_column][vc_video link=\u00a0\u00bbhttps:\/\/www.youtube.com\/watch?v=IOPoo8ywi28&Prime; align=\u00a0\u00bbcenter\u00a0\u00bb][\/vc_column][\/vc_row][vc_row][vc_column width=\u00a0\u00bb2\/3&Prime;][vc_column_text]saison 1 \/ ep. 2 &#8211; directeur impliqu\u00e9[\/vc_column_text][vc_custom_heading text=\u00a0\u00bbEtre directeur d&rsquo;agence chez Staenk | Ep.02&Prime; font_container=\u00a0\u00bbtag:h2|font_size:30px|text_align:left\u00a0\u00bb google_fonts=\u00a0\u00bbfont_family:Roboto%3A100%2C100italic%2C300%2C300italic%2Cregular%2Citalic%2C500%2C500italic%2C700%2C700italic%2C900%2C900italic|font_style:500%20bold%20regular%3A500%3Anormal\u00a0\u00bb][vc_column_text]Un directeur avec un v\u00e9ritable r\u00f4le de leader c&rsquo;est \u00e7a la force d&rsquo;une bonne agence ! \ud83d\ude80<\/p>\n<p>\u27a1 D\u00e9couvrez pourquoi l&rsquo;implication de Swann le directeur de l&rsquo;agence est si indispensable pour le bon d\u00e9roulement des missions.<\/p>\n<p>Ce n&rsquo;est pas aussi simple que \u00e7a une vie de dirigeant chez Staenk !<\/p>\n<p>\u26a0 Pr\u00e9requis d&rsquo;un bon directeur : avoir un bon lanc\u00e9.[\/vc_column_text][\/vc_column][vc_column width=\u00a0\u00bb1\/3&Prime; css=\u00a0\u00bb.vc_custom_1623770845140{padding-top: 30px !important;}\u00a0\u00bb][vc_custom_heading text=\u00a0\u00bbDate de r\u00e9alisation :\u00a0\u00bb font_container=\u00a0\u00bbtag:h3|font_size:18px|text_align:left\u00a0\u00bb google_fonts=\u00a0\u00bbfont_family:Roboto%3A100%2C100italic%2C300%2C300italic%2Cregular%2Citalic%2C500%2C500italic%2C700%2C700italic%2C900%2C900italic|font_style:500%20bold%20regular%3A500%3Anormal\u00a0\u00bb css=\u00a0\u00bb.vc_custom_1623770800555{margin-bottom: 0px !important;}\u00a0\u00bb][vc_column_text css=\u00a0\u00bb.vc_custom_1623770944660{margin-top: 0px !important;}\u00a0\u00bb]Juin 2021[\/vc_column_text][vc_custom_heading text=\u00a0\u00bbR\u00e9alisateur :\u00a0\u00bb font_container=\u00a0\u00bbtag:h3|font_size:18px|text_align:left\u00a0\u00bb google_fonts=\u00a0\u00bbfont_family:Roboto%3A100%2C100italic%2C300%2C300italic%2Cregular%2Citalic%2C500%2C500italic%2C700%2C700italic%2C900%2C900italic|font_style:500%20bold%20regular%3A500%3Anormal\u00a0\u00bb css=\u00a0\u00bb.vc_custom_1623771762314{margin-bottom: 0px !important;}\u00a0\u00bb][vc_column_text css=\u00a0\u00bb.vc_custom_1623771712223{margin-top: 0px !important;}\u00a0\u00bb]<a href=\"https:\/\/fr.linkedin.com\/in\/maximegayet\">Maxime Gayet<\/a>[\/vc_column_text][vc_custom_heading text=\u00a0\u00bbActeur :\u00a0\u00bb font_container=\u00a0\u00bbtag:h3|font_size:18px|text_align:left\u00a0\u00bb google_fonts=\u00a0\u00bbfont_family:Roboto%3A100%2C100italic%2C300%2C300italic%2Cregular%2Citalic%2C500%2C500italic%2C700%2C700italic%2C900%2C900italic|font_style:500%20bold%20regular%3A500%3Anormal\u00a0\u00bb css=\u00a0\u00bb.vc_custom_1623771776226{margin-bottom: 0px !important;}\u00a0\u00bb][vc_column_text css=\u00a0\u00bb.vc_custom_1623832605754{margin-top: 0px !important;}\u00a0\u00bb]<a href=\"https:\/\/www.linkedin.com\/in\/damien-puisieux-34324283\/\">Damien Puissieux<\/a>, <a href=\"https:\/\/www.linkedin.com\/in\/marie-lehner\/\">Marie Lehner<\/a>, <a href=\"https:\/\/www.linkedin.com\/in\/ana%C3%AFs-amans-8a927366\/?originalSubdomain=fr\">Ana\u00efs Amans<\/a>, <a href=\"https:\/\/www.linkedin.com\/in\/swannlemoigne\/\">Swann Le Moigne<\/a>, <a href=\"https:\/\/www.linkedin.com\/in\/jordanlapendry\/\">Jordan Lapendry<\/a>, <a href=\"https:\/\/www.linkedin.com\/in\/maud-vallesella-47a4a149\/\">Maud Vallesella<\/a>, <a href=\"https:\/\/www.linkedin.com\/in\/nils-degremont-marketing-digital\/\">Nils Degremont<\/a>[\/vc_column_text][\/vc_column][\/vc_row][vc_row][vc_column][vc_empty_space height=\u00a0\u00bb70px\u00a0\u00bb][\/vc_column][\/vc_row][vc_row][vc_column width=\u00a0\u00bb1\/3&Prime;][vc_btn title=\u00a0\u00bb\u00c9PISODE 1&Prime; style=\u00a0\u00bboutline\u00a0\u00bb color=\u00a0\u00bbwhite\u00a0\u00bb size=\u00a0\u00bbsm\u00a0\u00bb align=\u00a0\u00bbleft\u00a0\u00bb i_icon_fontawesome=\u00a0\u00bbfas fa-arrow-left\u00a0\u00bb add_icon=\u00a0\u00bbtrue\u00a0\u00bb link=\u00a0\u00bburl:https%3A%2F%2Fallezvousfairevoir.com%2Findex.php%2Fjournee-type%2F|title:Journ%C3%A9e%20Type\u00a0\u00bb][\/vc_column][vc_column width=\u00a0\u00bb1\/3&Prime;][vc_btn title=\u00a0\u00bb\u00c9PISODES SAISON 1&Prime; style=\u00a0\u00bboutline\u00a0\u00bb color=\u00a0\u00bbwhite\u00a0\u00bb size=\u00a0\u00bbsm\u00a0\u00bb align=\u00a0\u00bbcenter\u00a0\u00bb link=\u00a0\u00bburl:https%3A%2F%2Fallezvousfairevoir.com%2Findex.php%2Fsaison-1%2F|title:Saison%201&Prime;][\/vc_column][vc_column width=\u00a0\u00bb1\/3&Prime;][vc_btn title=\u00a0\u00bb\u00c9PISODE 3&Prime; style=\u00a0\u00bboutline\u00a0\u00bb color=\u00a0\u00bbwhite\u00a0\u00bb size=\u00a0\u00bbsm\u00a0\u00bb align=\u00a0\u00bbright\u00a0\u00bb i_align=\u00a0\u00bbright\u00a0\u00bb i_icon_fontawesome=\u00a0\u00bbfas fa-arrow-right\u00a0\u00bb add_icon=\u00a0\u00bbtrue\u00a0\u00bb link=\u00a0\u00bburl:https%3A%2F%2Fallezvousfairevoir.com%2Findex.php%2Fstagiaire-integre%2F|title:Stagiaire%20Int%C3%A9gr%C3%A9&Prime;][\/vc_column][\/vc_row]<\/p>\n","protected":false},"excerpt":{"rendered":"<p>[vc_row][vc_column][vc_custom_heading text=\u00a0\u00bbDirecteur Impliqu\u00e9\u00a0\u00bb font_container=\u00a0\u00bbtag:h1|text_align:center\u00a0\u00bb google_fonts=\u00a0\u00bbfont_family:Roboto%3A100%2C100italic%2C300%2C300italic%2Cregular%2Citalic%2C500%2C500italic%2C700%2C700italic%2C900%2C900italic|font_style:900%20bold%20regular%3A900%3Anormal\u00a0\u00bb][\/vc_column][\/vc_row][vc_row][vc_column][vc_video link=\u00a0\u00bbhttps:\/\/www.youtube.com\/watch?v=IOPoo8ywi28&Prime; align=\u00a0\u00bbcenter\u00a0\u00bb][\/vc_column][\/vc_row][vc_row][vc_column width=\u00a0\u00bb2\/3&Prime;][vc_column_text]saison 1 \/ ep. 2 &#8211; directeur impliqu\u00e9[\/vc_column_text][vc_custom_heading text=\u00a0\u00bbEtre directeur d&rsquo;agence chez Staenk | Ep.02&Prime; font_container=\u00a0\u00bbtag:h2|font_size:30px|text_align:left\u00a0\u00bb google_fonts=\u00a0\u00bbfont_family:Roboto%3A100%2C100italic%2C300%2C300italic%2Cregular%2Citalic%2C500%2C500italic%2C700%2C700italic%2C900%2C900italic|font_style:500%20bold%20regular%3A500%3Anormal\u00a0\u00bb][vc_column_text]Un directeur avec un v\u00e9ritable r\u00f4le de leader c&rsquo;est \u00e7a la force d&rsquo;une bonne agence ! \ud83d\ude80 [&hellip;]<\/p>\n","protected":false},"author":1,"featured_media":2634,"parent":2485,"menu_order":0,"comment_status":"closed","ping_status":"closed","template":"","meta":[],"_links":{"self":[{"href":"https:\/\/allezvousfairevoir.com\/index.php\/wp-json\/wp\/v2\/pages\/2530"}],"collection":[{"href":"https:\/\/allezvousfairevoir.com\/index.php\/wp-json\/wp\/v2\/pages"}],"about":[{"href":"https:\/\/allezvousfairevoir.com\/index.php\/wp-json\/wp\/v2\/types\/page"}],"author":[{"embeddable":true,"href":"https:\/\/allezvousfairevoir.com\/index.php\/wp-json\/wp\/v2\/users\/1"}],"replies":[{"embeddable":true,"href":"https:\/\/allezvousfairevoir.com\/index.php\/wp-json\/wp\/v2\/comments?post=2530"}],"version-history":[{"count":10,"href":"https:\/\/allezvousfairevoir.com\/index.php\/wp-json\/wp\/v2\/pages\/2530\/revisions"}],"predecessor-version":[{"id":2621,"href":"https:\/\/allezvousfairevoir.com\/index.php\/wp-json\/wp\/v2\/pages\/2530\/revisions\/2621"}],"up":[{"embeddable":true,"href":"https:\/\/allezvousfairevoir.com\/index.php\/wp-json\/wp\/v2\/pages\/2485"}],"wp:featuredmedia":[{"embeddable":true,"href":"https:\/\/allezvousfairevoir.com\/index.php\/wp-json\/wp\/v2\/media\/2634"}],"wp:attachment":[{"href":"https:\/\/allezvousfairevoir.com\/index.php\/wp-json\/wp\/v2\/media?parent=2530"}],"curies":[{"name":"wp","href":"https:\/\/api.w.org\/{rel}","templated":true}]}}

Directeur Impliqué

<p>[vc_row][vc_column][vc_custom_heading text= »Directeur Impliqué » font_container= »tag:h1|text_align:center » google_fonts= »font_family:Roboto%3A100%2C100italic%2C300%2C300italic%2Cregular%2Citalic%2C500%2C500italic%2C700%2C700italic%2C900%2C900italic|font_style:900%20bold%20regular%3A900%3Anormal »][/vc_column][/vc_row][vc_row][vc_column][vc_video link= »https://www.youtube.com/watch?v=IOPoo8ywi28&Prime; align= »center »][/vc_column][/vc_row][vc_row][vc_column width= »2/3&Prime;][vc_column_text]saison 1 / ep. 2 &#8211; directeur impliqué[/vc_column_text][vc_custom_heading text= »Etre directeur d&rsquo;agence chez Staenk | Ep.02&Prime; font_container= »tag:h2|font_size:30px|text_align:left » google_fonts= »font_family:Roboto%3A100%2C100italic%2C300%2C300italic%2Cregular%2Citalic%2C500%2C500italic%2C700%2C700italic%2C900%2C900italic|font_style:500%20bold%20regular%3A500%3Anormal »][vc_column_text]Un directeur avec un véritable rôle de leader c&rsquo;est ça la force d&rsquo;une bonne agence ! 🚀</p>
<p>➡ Découvrez pourquoi l&rsquo;implication de Swann le directeur de l&rsquo;agence est si indispensable pour le bon déroulement des missions.</p>
<p>Ce n&rsquo;est pas aussi simple que ça une vie de dirigeant chez Staenk !</p>
<p>⚠ Prérequis d&rsquo;un bon directeur : avoir un bon lancé.[/vc_column_text][/vc_column][vc_column width= »1/3&Prime; css= ».vc_custom_1623770845140{padding-top: 30px !important;} »][vc_custom_heading text= »Date de réalisation : » font_container= »tag:h3|font_size:18px|text_align:left » google_fonts= »font_family:Roboto%3A100%2C100italic%2C300%2C300italic%2Cregular%2Citalic%2C500%2C500italic%2C700%2C700italic%2C900%2C900italic|font_style:500%20bold%20regular%3A500%3Anormal » css= ».vc_custom_1623770800555{margin-bottom: 0px !important;} »][vc_column_text css= ».vc_custom_1623770944660{margin-top: 0px !important;} »]Juin 2021[/vc_column_text][vc_custom_heading text= »Réalisateur : » font_container= »tag:h3|font_size:18px|text_align:left » google_fonts= »font_family:Roboto%3A100%2C100italic%2C300%2C300italic%2Cregular%2Citalic%2C500%2C500italic%2C700%2C700italic%2C900%2C900italic|font_style:500%20bold%20regular%3A500%3Anormal » css= ».vc_custom_1623771762314{margin-bottom: 0px !important;} »][vc_column_text css= ».vc_custom_1623771712223{margin-top: 0px !important;} »]<a href="https://fr.linkedin.com/in/maximegayet">Maxime Gayet</a>[/vc_column_text][vc_custom_heading text= »Acteur : » font_container= »tag:h3|font_size:18px|text_align:left » google_fonts= »font_family:Roboto%3A100%2C100italic%2C300%2C300italic%2Cregular%2Citalic%2C500%2C500italic%2C700%2C700italic%2C900%2C900italic|font_style:500%20bold%20regular%3A500%3Anormal » css= ».vc_custom_1623771776226{margin-bottom: 0px !important;} »][vc_column_text css= ».vc_custom_1623832605754{margin-top: 0px !important;} »]<a href="https://www.linkedin.com/in/damien-puisieux-34324283/">Damien Puissieux</a>, <a href="https://www.linkedin.com/in/marie-lehner/">Marie Lehner</a>, <a href="https://www.linkedin.com/in/ana%C3%AFs-amans-8a927366/?originalSubdomain=fr">Anaïs Amans</a>, <a href="https://www.linkedin.com/in/swannlemoigne/">Swann Le Moigne</a>, <a href="https://www.linkedin.com/in/jordanlapendry/">Jordan Lapendry</a>, <a href="https://www.linkedin.com/in/maud-vallesella-47a4a149/">Maud Vallesella</a>, <a href="https://www.linkedin.com/in/nils-degremont-marketing-digital/">Nils Degremont</a>[/vc_column_text][/vc_column][/vc_row][vc_row][vc_column][vc_empty_space height= »70px »][/vc_column][/vc_row][vc_row][vc_column width= »1/3&Prime;][vc_btn title= »ÉPISODE 1&Prime; style= »outline » color= »white » size= »sm » align= »left » i_icon_fontawesome= »fas fa-arrow-left » add_icon= »true » link= »url:https%3A%2F%2Fallezvousfairevoir.com%2Findex.php%2Fjournee-type%2F|title:Journ%C3%A9e%20Type »][/vc_column][vc_column width= »1/3&Prime;][vc_btn title= »ÉPISODES SAISON 1&Prime; style= »outline » color= »white » size= »sm » align= »center » link= »url:https%3A%2F%2Fallezvousfairevoir.com%2Findex.php%2Fsaison-1%2F|title:Saison%201&Prime;][/vc_column][vc_column width= »1/3&Prime;][vc_btn title= »ÉPISODE 3&Prime; style= »outline » color= »white » size= »sm » align= »right » i_align= »right » i_icon_fontawesome= »fas fa-arrow-right » add_icon= »true » link= »url:https%3A%2F%2Fallezvousfairevoir.com%2Findex.php%2Fstagiaire-integre%2F|title:Stagiaire%20Int%C3%A9gr%C3%A9&Prime;][/vc_column][/vc_row]</p>

<p>[vc_row][vc_column][vc_custom_heading text= »Directeur Impliqué » font_container= »tag:h1|text_align:center » google_fonts= »font_family:Roboto%3A100%2C100italic%2C300%2C300italic%2Cregular%2Citalic%2C500%2C500italic%2C700%2C700italic%2C900%2C900italic|font_style:900%20bold%20regular%3A900%3Anormal »][/vc_column][/vc_row][vc_row][vc_column][vc_video link= »https://www.youtube.com/watch?v=IOPoo8ywi28&Prime; align= »center »][/vc_column][/vc_row][vc_row][vc_column width= »2/3&Prime;][vc_column_text]saison 1 / ep. 2 &#8211; directeur impliqué[/vc_column_text][vc_custom_heading text= »Etre directeur d&rsquo;agence chez Staenk | Ep.02&Prime; font_container= »tag:h2|font_size:30px|text_align:left » google_fonts= »font_family:Roboto%3A100%2C100italic%2C300%2C300italic%2Cregular%2Citalic%2C500%2C500italic%2C700%2C700italic%2C900%2C900italic|font_style:500%20bold%20regular%3A500%3Anormal »][vc_column_text]Un directeur avec un véritable rôle de leader c&rsquo;est ça la force d&rsquo;une bonne agence ! 🚀 [&hellip;]</p>
