{"id":2536,"date":"2021-06-16T10:52:35","date_gmt":"2021-06-16T08:52:35","guid":{"rendered":"https:\/\/allezvousfairevoir.com\/?page_id=2536"},"modified":"2021-06-17T16:37:17","modified_gmt":"2021-06-17T14:37:17","slug":"stagiaire-integre","status":"publish","type":"page","link":"https:\/\/allezvousfairevoir.com\/index.php\/saison-1\/stagiaire-integre\/","title":{"rendered":"Stagiaire Int\u00e9gr\u00e9"},"content":{"rendered":"<p>[vc_row][vc_column][vc_custom_heading text=\u00a0\u00bbStagiaire Int\u00e9gr\u00e9\u00a0\u00bb font_container=\u00a0\u00bbtag:h1|text_align:center\u00a0\u00bb google_fonts=\u00a0\u00bbfont_family:Roboto%3A100%2C100italic%2C300%2C300italic%2Cregular%2Citalic%2C500%2C500italic%2C700%2C700italic%2C900%2C900italic|font_style:900%20bold%20regular%3A900%3Anormal\u00a0\u00bb][\/vc_column][\/vc_row][vc_row][vc_column][vc_video link=\u00a0\u00bbhttps:\/\/www.youtube.com\/watch?v=4Qg-94mORl4&Prime; align=\u00a0\u00bbcenter\u00a0\u00bb][\/vc_column][\/vc_row][vc_row][vc_column width=\u00a0\u00bb2\/3&Prime;][vc_column_text]saison 1 \/ ep. 3 &#8211; stagiaire int\u00e9gr\u00e9[\/vc_column_text][vc_custom_heading text=\u00a0\u00bbLa vie de stagiaire chez Staenk | Ep.03&Prime; font_container=\u00a0\u00bbtag:h2|font_size:30px|text_align:left\u00a0\u00bb google_fonts=\u00a0\u00bbfont_family:Roboto%3A100%2C100italic%2C300%2C300italic%2Cregular%2Citalic%2C500%2C500italic%2C700%2C700italic%2C900%2C900italic|font_style:500%20bold%20regular%3A500%3Anormal\u00a0\u00bb][vc_column_text]Nils le stagiaire SEA de Staenk se pr\u00e9sente et vous parle des coulisses de son stage inoubliable ! \ud83d\ude32<\/p>\n<p>\ud83d\ude0d Si vous r\u00eavez d&rsquo;int\u00e9grer l&rsquo;agence Staenk en tant que stagiaire, cet \u00e9pisode est fait pour vous.<\/p>\n<p>Voici comment l&rsquo;agence Staenk responsabilise ses stagiaires avec des missions de la plus haute importance \ud83d\udcaa[\/vc_column_text][\/vc_column][vc_column width=\u00a0\u00bb1\/3&Prime; css=\u00a0\u00bb.vc_custom_1623770845140{padding-top: 30px !important;}\u00a0\u00bb][vc_custom_heading text=\u00a0\u00bbDate de r\u00e9alisation :\u00a0\u00bb font_container=\u00a0\u00bbtag:h3|font_size:18px|text_align:left\u00a0\u00bb google_fonts=\u00a0\u00bbfont_family:Roboto%3A100%2C100italic%2C300%2C300italic%2Cregular%2Citalic%2C500%2C500italic%2C700%2C700italic%2C900%2C900italic|font_style:500%20bold%20regular%3A500%3Anormal\u00a0\u00bb css=\u00a0\u00bb.vc_custom_1623770800555{margin-bottom: 0px !important;}\u00a0\u00bb][vc_column_text css=\u00a0\u00bb.vc_custom_1623770944660{margin-top: 0px !important;}\u00a0\u00bb]Juin 2021[\/vc_column_text][vc_custom_heading text=\u00a0\u00bbR\u00e9alisateur :\u00a0\u00bb font_container=\u00a0\u00bbtag:h3|font_size:18px|text_align:left\u00a0\u00bb google_fonts=\u00a0\u00bbfont_family:Roboto%3A100%2C100italic%2C300%2C300italic%2Cregular%2Citalic%2C500%2C500italic%2C700%2C700italic%2C900%2C900italic|font_style:500%20bold%20regular%3A500%3Anormal\u00a0\u00bb css=\u00a0\u00bb.vc_custom_1623771762314{margin-bottom: 0px !important;}\u00a0\u00bb][vc_column_text css=\u00a0\u00bb.vc_custom_1623771712223{margin-top: 0px !important;}\u00a0\u00bb]<a href=\"https:\/\/fr.linkedin.com\/in\/maximegayet\">Maxime Gayet<\/a>[\/vc_column_text][vc_custom_heading text=\u00a0\u00bbActeur :\u00a0\u00bb font_container=\u00a0\u00bbtag:h3|font_size:18px|text_align:left\u00a0\u00bb google_fonts=\u00a0\u00bbfont_family:Roboto%3A100%2C100italic%2C300%2C300italic%2Cregular%2Citalic%2C500%2C500italic%2C700%2C700italic%2C900%2C900italic|font_style:500%20bold%20regular%3A500%3Anormal\u00a0\u00bb css=\u00a0\u00bb.vc_custom_1623771776226{margin-bottom: 0px !important;}\u00a0\u00bb][vc_column_text css=\u00a0\u00bb.vc_custom_1623833491092{margin-top: 0px !important;}\u00a0\u00bb]<a href=\"https:\/\/www.linkedin.com\/in\/nils-degremont-marketing-digital\/\">Nils Degremont<\/a>, <a href=\"https:\/\/www.linkedin.com\/in\/damien-puisieux-34324283\/\">Damien Puissieux<\/a>, <a href=\"https:\/\/www.linkedin.com\/in\/jordanlapendry\/\">Jordan Lapendry<\/a>, <a href=\"https:\/\/www.linkedin.com\/in\/m%C3%A9lanie-le-moigne-b6a03748\/\">M\u00e9lanie Le Moigne<\/a>[\/vc_column_text][\/vc_column][\/vc_row][vc_row][vc_column][vc_empty_space height=\u00a0\u00bb70px\u00a0\u00bb][\/vc_column][\/vc_row][vc_row][vc_column width=\u00a0\u00bb1\/3&Prime;][vc_btn title=\u00a0\u00bb\u00c9PISODE 2&Prime; style=\u00a0\u00bboutline\u00a0\u00bb color=\u00a0\u00bbwhite\u00a0\u00bb size=\u00a0\u00bbsm\u00a0\u00bb align=\u00a0\u00bbleft\u00a0\u00bb i_icon_fontawesome=\u00a0\u00bbfas fa-arrow-left\u00a0\u00bb add_icon=\u00a0\u00bbtrue\u00a0\u00bb link=\u00a0\u00bburl:https%3A%2F%2Fallezvousfairevoir.com%2Findex.php%2Fdirecteur-implique%2F|title:Directeur%20Impliqu%C3%A9&Prime;][\/vc_column][vc_column width=\u00a0\u00bb1\/3&Prime;][vc_btn title=\u00a0\u00bb\u00c9PISODES SAISON 1&Prime; style=\u00a0\u00bboutline\u00a0\u00bb color=\u00a0\u00bbwhite\u00a0\u00bb size=\u00a0\u00bbsm\u00a0\u00bb align=\u00a0\u00bbcenter\u00a0\u00bb link=\u00a0\u00bburl:https%3A%2F%2Fallezvousfairevoir.com%2Findex.php%2Fsaison-1%2F|title:Saison%201&Prime;][\/vc_column][vc_column width=\u00a0\u00bb1\/3&Prime;][vc_btn title=\u00a0\u00bb\u00c9PISODE 4&Prime; style=\u00a0\u00bboutline\u00a0\u00bb color=\u00a0\u00bbwhite\u00a0\u00bb size=\u00a0\u00bbsm\u00a0\u00bb align=\u00a0\u00bbright\u00a0\u00bb i_align=\u00a0\u00bbright\u00a0\u00bb i_icon_fontawesome=\u00a0\u00bbfas fa-arrow-right\u00a0\u00bb add_icon=\u00a0\u00bbtrue\u00a0\u00bb link=\u00a0\u00bburl:https%3A%2F%2Fallezvousfairevoir.com%2Findex.php%2Freunion-dequipe%2F|title:R%C3%A9union%20d%E2%80%99%C3%A9quipe\u00a0\u00bb][\/vc_column][\/vc_row]<\/p>\n","protected":false},"excerpt":{"rendered":"<p>[vc_row][vc_column][vc_custom_heading text=\u00a0\u00bbStagiaire Int\u00e9gr\u00e9\u00a0\u00bb font_container=\u00a0\u00bbtag:h1|text_align:center\u00a0\u00bb google_fonts=\u00a0\u00bbfont_family:Roboto%3A100%2C100italic%2C300%2C300italic%2Cregular%2Citalic%2C500%2C500italic%2C700%2C700italic%2C900%2C900italic|font_style:900%20bold%20regular%3A900%3Anormal\u00a0\u00bb][\/vc_column][\/vc_row][vc_row][vc_column][vc_video link=\u00a0\u00bbhttps:\/\/www.youtube.com\/watch?v=4Qg-94mORl4&Prime; align=\u00a0\u00bbcenter\u00a0\u00bb][\/vc_column][\/vc_row][vc_row][vc_column width=\u00a0\u00bb2\/3&Prime;][vc_column_text]saison 1 \/ ep. 3 &#8211; stagiaire int\u00e9gr\u00e9[\/vc_column_text][vc_custom_heading text=\u00a0\u00bbLa vie de stagiaire chez Staenk | Ep.03&Prime; font_container=\u00a0\u00bbtag:h2|font_size:30px|text_align:left\u00a0\u00bb google_fonts=\u00a0\u00bbfont_family:Roboto%3A100%2C100italic%2C300%2C300italic%2Cregular%2Citalic%2C500%2C500italic%2C700%2C700italic%2C900%2C900italic|font_style:500%20bold%20regular%3A500%3Anormal\u00a0\u00bb][vc_column_text]Nils le stagiaire SEA de Staenk se pr\u00e9sente et vous parle des coulisses de son stage [&hellip;]<\/p>\n","protected":false},"author":1,"featured_media":2635,"parent":2485,"menu_order":0,"comment_status":"closed","ping_status":"closed","template":"","meta":[],"_links":{"self":[{"href":"https:\/\/allezvousfairevoir.com\/index.php\/wp-json\/wp\/v2\/pages\/2536"}],"collection":[{"href":"https:\/\/allezvousfairevoir.com\/index.php\/wp-json\/wp\/v2\/pages"}],"about":[{"href":"https:\/\/allezvousfairevoir.com\/index.php\/wp-json\/wp\/v2\/types\/page"}],"author":[{"embeddable":true,"href":"https:\/\/allezvousfairevoir.com\/index.php\/wp-json\/wp\/v2\/users\/1"}],"replies":[{"embeddable":true,"href":"https:\/\/allezvousfairevoir.com\/index.php\/wp-json\/wp\/v2\/comments?post=2536"}],"version-history":[{"count":6,"href":"https:\/\/allezvousfairevoir.com\/index.php\/wp-json\/wp\/v2\/pages\/2536\/revisions"}],"predecessor-version":[{"id":2618,"href":"https:\/\/allezvousfairevoir.com\/index.php\/wp-json\/wp\/v2\/pages\/2536\/revisions\/2618"}],"up":[{"embeddable":true,"href":"https:\/\/allezvousfairevoir.com\/index.php\/wp-json\/wp\/v2\/pages\/2485"}],"wp:featuredmedia":[{"embeddable":true,"href":"https:\/\/allezvousfairevoir.com\/index.php\/wp-json\/wp\/v2\/media\/2635"}],"wp:attachment":[{"href":"https:\/\/allezvousfairevoir.com\/index.php\/wp-json\/wp\/v2\/media?parent=2536"}],"curies":[{"name":"wp","href":"https:\/\/api.w.org\/{rel}","templated":true}]}}

Stagiaire Intégré

<p>[vc_row][vc_column][vc_custom_heading text= »Stagiaire Intégré » font_container= »tag:h1|text_align:center » google_fonts= »font_family:Roboto%3A100%2C100italic%2C300%2C300italic%2Cregular%2Citalic%2C500%2C500italic%2C700%2C700italic%2C900%2C900italic|font_style:900%20bold%20regular%3A900%3Anormal »][/vc_column][/vc_row][vc_row][vc_column][vc_video link= »https://www.youtube.com/watch?v=4Qg-94mORl4&Prime; align= »center »][/vc_column][/vc_row][vc_row][vc_column width= »2/3&Prime;][vc_column_text]saison 1 / ep. 3 &#8211; stagiaire intégré[/vc_column_text][vc_custom_heading text= »La vie de stagiaire chez Staenk | Ep.03&Prime; font_container= »tag:h2|font_size:30px|text_align:left » google_fonts= »font_family:Roboto%3A100%2C100italic%2C300%2C300italic%2Cregular%2Citalic%2C500%2C500italic%2C700%2C700italic%2C900%2C900italic|font_style:500%20bold%20regular%3A500%3Anormal »][vc_column_text]Nils le stagiaire SEA de Staenk se présente et vous parle des coulisses de son stage inoubliable ! 😲</p>
<p>😍 Si vous rêvez d&rsquo;intégrer l&rsquo;agence Staenk en tant que stagiaire, cet épisode est fait pour vous.</p>
<p>Voici comment l&rsquo;agence Staenk responsabilise ses stagiaires avec des missions de la plus haute importance 💪[/vc_column_text][/vc_column][vc_column width= »1/3&Prime; css= ».vc_custom_1623770845140{padding-top: 30px !important;} »][vc_custom_heading text= »Date de réalisation : » font_container= »tag:h3|font_size:18px|text_align:left » google_fonts= »font_family:Roboto%3A100%2C100italic%2C300%2C300italic%2Cregular%2Citalic%2C500%2C500italic%2C700%2C700italic%2C900%2C900italic|font_style:500%20bold%20regular%3A500%3Anormal » css= ».vc_custom_1623770800555{margin-bottom: 0px !important;} »][vc_column_text css= ».vc_custom_1623770944660{margin-top: 0px !important;} »]Juin 2021[/vc_column_text][vc_custom_heading text= »Réalisateur : » font_container= »tag:h3|font_size:18px|text_align:left » google_fonts= »font_family:Roboto%3A100%2C100italic%2C300%2C300italic%2Cregular%2Citalic%2C500%2C500italic%2C700%2C700italic%2C900%2C900italic|font_style:500%20bold%20regular%3A500%3Anormal » css= ».vc_custom_1623771762314{margin-bottom: 0px !important;} »][vc_column_text css= ».vc_custom_1623771712223{margin-top: 0px !important;} »]<a href="https://fr.linkedin.com/in/maximegayet">Maxime Gayet</a>[/vc_column_text][vc_custom_heading text= »Acteur : » font_container= »tag:h3|font_size:18px|text_align:left » google_fonts= »font_family:Roboto%3A100%2C100italic%2C300%2C300italic%2Cregular%2Citalic%2C500%2C500italic%2C700%2C700italic%2C900%2C900italic|font_style:500%20bold%20regular%3A500%3Anormal » css= ».vc_custom_1623771776226{margin-bottom: 0px !important;} »][vc_column_text css= ».vc_custom_1623833491092{margin-top: 0px !important;} »]<a href="https://www.linkedin.com/in/nils-degremont-marketing-digital/">Nils Degremont</a>, <a href="https://www.linkedin.com/in/damien-puisieux-34324283/">Damien Puissieux</a>, <a href="https://www.linkedin.com/in/jordanlapendry/">Jordan Lapendry</a>, <a href="https://www.linkedin.com/in/m%C3%A9lanie-le-moigne-b6a03748/">Mélanie Le Moigne</a>[/vc_column_text][/vc_column][/vc_row][vc_row][vc_column][vc_empty_space height= »70px »][/vc_column][/vc_row][vc_row][vc_column width= »1/3&Prime;][vc_btn title= »ÉPISODE 2&Prime; style= »outline » color= »white » size= »sm » align= »left » i_icon_fontawesome= »fas fa-arrow-left » add_icon= »true » link= »url:https%3A%2F%2Fallezvousfairevoir.com%2Findex.php%2Fdirecteur-implique%2F|title:Directeur%20Impliqu%C3%A9&Prime;][/vc_column][vc_column width= »1/3&Prime;][vc_btn title= »ÉPISODES SAISON 1&Prime; style= »outline » color= »white » size= »sm » align= »center » link= »url:https%3A%2F%2Fallezvousfairevoir.com%2Findex.php%2Fsaison-1%2F|title:Saison%201&Prime;][/vc_column][vc_column width= »1/3&Prime;][vc_btn title= »ÉPISODE 4&Prime; style= »outline » color= »white » size= »sm » align= »right » i_align= »right » i_icon_fontawesome= »fas fa-arrow-right » add_icon= »true » link= »url:https%3A%2F%2Fallezvousfairevoir.com%2Findex.php%2Freunion-dequipe%2F|title:R%C3%A9union%20d%E2%80%99%C3%A9quipe »][/vc_column][/vc_row]</p>

<p>[vc_row][vc_column][vc_custom_heading text= »Stagiaire Intégré » font_container= »tag:h1|text_align:center » google_fonts= »font_family:Roboto%3A100%2C100italic%2C300%2C300italic%2Cregular%2Citalic%2C500%2C500italic%2C700%2C700italic%2C900%2C900italic|font_style:900%20bold%20regular%3A900%3Anormal »][/vc_column][/vc_row][vc_row][vc_column][vc_video link= »https://www.youtube.com/watch?v=4Qg-94mORl4&Prime; align= »center »][/vc_column][/vc_row][vc_row][vc_column width= »2/3&Prime;][vc_column_text]saison 1 / ep. 3 &#8211; stagiaire intégré[/vc_column_text][vc_custom_heading text= »La vie de stagiaire chez Staenk | Ep.03&Prime; font_container= »tag:h2|font_size:30px|text_align:left » google_fonts= »font_family:Roboto%3A100%2C100italic%2C300%2C300italic%2Cregular%2Citalic%2C500%2C500italic%2C700%2C700italic%2C900%2C900italic|font_style:500%20bold%20regular%3A500%3Anormal »][vc_column_text]Nils le stagiaire SEA de Staenk se présente et vous parle des coulisses de son stage [&hellip;]</p>
