{"id":7956,"date":"2023-07-11T10:05:40","date_gmt":"2023-07-11T08:05:40","guid":{"rendered":"https:\/\/allezvousfairevoir.com\/?page_id=7956"},"modified":"2023-07-11T11:10:38","modified_gmt":"2023-07-11T09:10:38","slug":"saison-2","status":"publish","type":"page","link":"https:\/\/allezvousfairevoir.com\/index.php\/saison-2\/","title":{"rendered":"Saison 2"},"content":{"rendered":"<p>[vc_row content_placement=\u00a0\u00bbmiddle\u00a0\u00bb][vc_column width=\u00a0\u00bb2\/3&Prime;][vc_single_image image=\u00a0\u00bb7960&Prime; img_size=\u00a0\u00bblarge\u00a0\u00bb alignment=\u00a0\u00bbcenter\u00a0\u00bb][\/vc_column][vc_column width=\u00a0\u00bb1\/3&Prime;][vc_custom_heading text=\u00a0\u00bb01.\u00a0\u00bb google_fonts=\u00a0\u00bbfont_family:Roboto%3A100%2C100italic%2C300%2C300italic%2Cregular%2Citalic%2C500%2C500italic%2C700%2C700italic%2C900%2C900italic|font_style:700%20bold%20regular%3A700%3Anormal\u00a0\u00bb][vc_column_text]<\/p>\n<h3>Le D\u00e9partement Domotique.<\/h3>\n<p>[\/vc_column_text][vc_column_text]Parce que les mains, c&rsquo;est fait pour travailler. D\u00e9couvrez l&rsquo;agence qui est d\u00e9j\u00e0 dans le futur.[\/vc_column_text][vc_empty_space][vc_btn title=\u00a0\u00bbVOIR L&rsquo;\u00c9PISODE\u00a0\u00bb style=\u00a0\u00bboutline\u00a0\u00bb color=\u00a0\u00bbwhite\u00a0\u00bb align=\u00a0\u00bbcenter\u00a0\u00bb i_icon_fontawesome=\u00a0\u00bbfas fa-play\u00a0\u00bb add_icon=\u00a0\u00bbtrue\u00a0\u00bb link=\u00a0\u00bburl:https%3A%2F%2Fallezvousfairevoir.com%2Findex.php%2Fsaison-2%2Fdepartement-domotique%2F|title:D%C3%A9partement%20Domotique\u00a0\u00bb][\/vc_column][\/vc_row][vc_row][vc_column][vc_empty_space height=\u00a0\u00bb70px\u00a0\u00bb][\/vc_column][\/vc_row][vc_row content_placement=\u00a0\u00bbmiddle\u00a0\u00bb][vc_column width=\u00a0\u00bb2\/3&Prime;][vc_single_image image=\u00a0\u00bb7959&Prime; img_size=\u00a0\u00bblarge\u00a0\u00bb alignment=\u00a0\u00bbcenter\u00a0\u00bb][\/vc_column][vc_column width=\u00a0\u00bb1\/3&Prime;][vc_custom_heading text=\u00a0\u00bb02.\u00a0\u00bb google_fonts=\u00a0\u00bbfont_family:Roboto%3A100%2C100italic%2C300%2C300italic%2Cregular%2Citalic%2C500%2C500italic%2C700%2C700italic%2C900%2C900italic|font_style:700%20bold%20regular%3A700%3Anormal\u00a0\u00bb][vc_column_text]<\/p>\n<h3 class=\"vc_custom_heading\">Le D\u00e9partement Communication 2.0<\/h3>\n<p>[\/vc_column_text][vc_column_text]D\u00e9couvre une agence qui a su mettre en place ses propres syst\u00e8mes de communication en interne. Oui, demain, c\u2019est maintenant chez Staenk.[\/vc_column_text][vc_empty_space][vc_btn title=\u00a0\u00bbVOIR L&rsquo;\u00c9PISODE\u00a0\u00bb style=\u00a0\u00bboutline\u00a0\u00bb color=\u00a0\u00bbwhite\u00a0\u00bb align=\u00a0\u00bbcenter\u00a0\u00bb i_icon_fontawesome=\u00a0\u00bbfas fa-play\u00a0\u00bb add_icon=\u00a0\u00bbtrue\u00a0\u00bb link=\u00a0\u00bburl:https%3A%2F%2Fallezvousfairevoir.com%2Findex.php%2Fsaison-2%2Fdepartement-communication%2F|title:D%C3%A9partement%20Communication%202.0&Prime;][\/vc_column][\/vc_row][vc_row][vc_column][vc_empty_space height=\u00a0\u00bb70px\u00a0\u00bb][\/vc_column][\/vc_row][vc_row content_placement=\u00a0\u00bbmiddle\u00a0\u00bb][vc_column width=\u00a0\u00bb2\/3&Prime;][vc_single_image image=\u00a0\u00bb7961&Prime; img_size=\u00a0\u00bblarge\u00a0\u00bb alignment=\u00a0\u00bbcenter\u00a0\u00bb][\/vc_column][vc_column width=\u00a0\u00bb1\/3&Prime;][vc_custom_heading text=\u00a0\u00bb03.\u00a0\u00bb google_fonts=\u00a0\u00bbfont_family:Roboto%3A100%2C100italic%2C300%2C300italic%2Cregular%2Citalic%2C500%2C500italic%2C700%2C700italic%2C900%2C900italic|font_style:700%20bold%20regular%3A700%3Anormal\u00a0\u00bb][vc_column_text]<\/p>\n<h3 class=\"vc_custom_heading\">Le D\u00e9partement de l&rsquo;Optimisation<\/h3>\n<div id=\"gtx-trans\" style=\"position: absolute; left: 211px; top: 54px;\">\n<div class=\"gtx-trans-icon\"><\/div>\n<\/div>\n<p>[\/vc_column_text][vc_column_text]Contre l\u2019infantilisation, on pr\u00e9f\u00e8re l\u2019optimisation. Et, si en plus, \u00e7a permet d\u2019apporter de la performance, alors on signe.[\/vc_column_text][vc_empty_space][vc_btn title=\u00a0\u00bbVOIR L&rsquo;\u00c9PISODE\u00a0\u00bb style=\u00a0\u00bboutline\u00a0\u00bb color=\u00a0\u00bbwhite\u00a0\u00bb align=\u00a0\u00bbcenter\u00a0\u00bb i_icon_fontawesome=\u00a0\u00bbfas fa-play\u00a0\u00bb add_icon=\u00a0\u00bbtrue\u00a0\u00bb link=\u00a0\u00bburl:https%3A%2F%2Fallezvousfairevoir.com%2Findex.php%2Fsaison-2%2Fdepartement-optimisation%2F|title:D%C3%A9partement%20Optimisation\u00a0\u00bb][\/vc_column][\/vc_row][vc_row][vc_column][vc_empty_space height=\u00a0\u00bb70px\u00a0\u00bb][\/vc_column][\/vc_row][vc_row content_placement=\u00a0\u00bbmiddle\u00a0\u00bb][vc_column width=\u00a0\u00bb2\/3&Prime;][vc_single_image image=\u00a0\u00bb7958&Prime; img_size=\u00a0\u00bblarge\u00a0\u00bb alignment=\u00a0\u00bbcenter\u00a0\u00bb][\/vc_column][vc_column width=\u00a0\u00bb1\/3&Prime;][vc_custom_heading text=\u00a0\u00bb04.\u00a0\u00bb google_fonts=\u00a0\u00bbfont_family:Roboto%3A100%2C100italic%2C300%2C300italic%2Cregular%2Citalic%2C500%2C500italic%2C700%2C700italic%2C900%2C900italic|font_style:700%20bold%20regular%3A700%3Anormal\u00a0\u00bb][vc_column_text]<\/p>\n<h3 class=\"vc_custom_heading\">Le D\u00e9partement Bien-\u00eatre<\/h3>\n<div id=\"gtx-trans\" style=\"position: absolute; left: 160px; top: 54px;\">\n<div class=\"gtx-trans-icon\"><\/div>\n<\/div>\n<p>[\/vc_column_text][vc_column_text]Stress au travail ? Pas dans une agence qui prend soin de ses \u00e9quipes. On met tout en place pour que vous vous d\u00e9tendiez. Que vous le vouliez ou non, d\u2019ailleurs.[\/vc_column_text][vc_empty_space][vc_btn title=\u00a0\u00bbVOIR L&rsquo;\u00c9PISODE\u00a0\u00bb style=\u00a0\u00bboutline\u00a0\u00bb color=\u00a0\u00bbwhite\u00a0\u00bb align=\u00a0\u00bbcenter\u00a0\u00bb i_icon_fontawesome=\u00a0\u00bbfas fa-play\u00a0\u00bb add_icon=\u00a0\u00bbtrue\u00a0\u00bb link=\u00a0\u00bburl:https%3A%2F%2Fallezvousfairevoir.com%2Findex.php%2Fsaison-2%2Fdepartement-bien-etre%2F|title:D%C3%A9partement%20Bien-%C3%AAtre\u00a0\u00bb][\/vc_column][\/vc_row][vc_row][vc_column][vc_empty_space height=\u00a0\u00bb70px\u00a0\u00bb][\/vc_column][\/vc_row][vc_row content_placement=\u00a0\u00bbmiddle\u00a0\u00bb][vc_column width=\u00a0\u00bb2\/3&Prime;][vc_single_image image=\u00a0\u00bb7957&Prime; img_size=\u00a0\u00bblarge\u00a0\u00bb alignment=\u00a0\u00bbcenter\u00a0\u00bb][\/vc_column][vc_column width=\u00a0\u00bb1\/3&Prime;][vc_custom_heading text=\u00a0\u00bb05.\u00a0\u00bb google_fonts=\u00a0\u00bbfont_family:Roboto%3A100%2C100italic%2C300%2C300italic%2Cregular%2Citalic%2C500%2C500italic%2C700%2C700italic%2C900%2C900italic|font_style:700%20bold%20regular%3A700%3Anormal\u00a0\u00bb][vc_column_text]<\/p>\n<h3 class=\"vc_custom_heading\">Le D\u00e9partement Recrutement<\/h3>\n<div id=\"gtx-trans\" style=\"position: absolute; left: 186px; top: 54px;\">\n<div class=\"gtx-trans-icon\"><\/div>\n<\/div>\n<p>[\/vc_column_text][vc_column_text]Repenser en profondeur les modes de recrutements existants pour en proposer des plus innovants. C\u2019est la lourde responsabilit\u00e9 de notre d\u00e9partement recrutement pour choisir les meilleurs candidats. Et \u00e0 la fin, il n\u2019en restera qu\u2019un.[\/vc_column_text][vc_empty_space][vc_btn title=\u00a0\u00bbVOIR L&rsquo;\u00c9PISODE\u00a0\u00bb style=\u00a0\u00bboutline\u00a0\u00bb color=\u00a0\u00bbwhite\u00a0\u00bb align=\u00a0\u00bbcenter\u00a0\u00bb i_icon_fontawesome=\u00a0\u00bbfas fa-play\u00a0\u00bb add_icon=\u00a0\u00bbtrue\u00a0\u00bb link=\u00a0\u00bburl:https%3A%2F%2Fallezvousfairevoir.com%2Findex.php%2Fsaison-2%2Fdepartement-recrutement%2F|title:D%C3%A9partement%20Recrutement\u00a0\u00bb][\/vc_column][\/vc_row][vc_row][vc_column][vc_empty_space height=\u00a0\u00bb50px\u00a0\u00bb][\/vc_column][\/vc_row][vc_row][vc_column width=\u00a0\u00bb2\/3&Prime;][vc_single_image image=\u00a0\u00bb7962&Prime; img_size=\u00a0\u00bblarge\u00a0\u00bb alignment=\u00a0\u00bbcenter\u00a0\u00bb][\/vc_column][vc_column width=\u00a0\u00bb1\/3&Prime;][vc_custom_heading text=\u00a0\u00bb06.\u00a0\u00bb google_fonts=\u00a0\u00bbfont_family:Roboto%3A100%2C100italic%2C300%2C300italic%2Cregular%2Citalic%2C500%2C500italic%2C700%2C700italic%2C900%2C900italic|font_style:700%20bold%20regular%3A700%3Anormal\u00a0\u00bb][vc_column_text]<\/p>\n<h3>Le D\u00e9partement RSE<\/h3>\n<div id=\"gtx-trans\" style=\"position: absolute; left: 252px; top: 54px;\">\n<div class=\"gtx-trans-icon\"><\/div>\n<\/div>\n<p>[\/vc_column_text][vc_column_text]Comme toute bonne entreprise qui se respecte, on a mis en place notre d\u00e9partement RSE pour montrer qu\u2019on en a quelque chose \u00e0 faire des enjeux sociaux et environnementaux. \u00c7a fait bien sur le site web.[\/vc_column_text][vc_empty_space][vc_btn title=\u00a0\u00bbVOIR L&rsquo;\u00c9PISODE\u00a0\u00bb style=\u00a0\u00bboutline\u00a0\u00bb color=\u00a0\u00bbwhite\u00a0\u00bb align=\u00a0\u00bbcenter\u00a0\u00bb i_icon_fontawesome=\u00a0\u00bbfas fa-play\u00a0\u00bb add_icon=\u00a0\u00bbtrue\u00a0\u00bb link=\u00a0\u00bburl:https%3A%2F%2Fallezvousfairevoir.com%2Findex.php%2Fsaison-2%2Fdepartement-rse%2F|title:D%C3%A9partement%20RSE\u00a0\u00bb][\/vc_column][\/vc_row]<\/p>\n","protected":false},"excerpt":{"rendered":"<p>[vc_row content_placement=\u00a0\u00bbmiddle\u00a0\u00bb][vc_column width=\u00a0\u00bb2\/3&Prime;][vc_single_image image=\u00a0\u00bb7960&Prime; img_size=\u00a0\u00bblarge\u00a0\u00bb alignment=\u00a0\u00bbcenter\u00a0\u00bb][\/vc_column][vc_column width=\u00a0\u00bb1\/3&Prime;][vc_custom_heading text=\u00a0\u00bb01.\u00a0\u00bb google_fonts=\u00a0\u00bbfont_family:Roboto%3A100%2C100italic%2C300%2C300italic%2Cregular%2Citalic%2C500%2C500italic%2C700%2C700italic%2C900%2C900italic|font_style:700%20bold%20regular%3A700%3Anormal\u00a0\u00bb][vc_column_text] Le D\u00e9partement Domotique. [\/vc_column_text][vc_column_text]Parce que les mains, c&rsquo;est fait pour travailler. D\u00e9couvrez l&rsquo;agence qui est d\u00e9j\u00e0 dans le futur.[\/vc_column_text][vc_empty_space][vc_btn title=\u00a0\u00bbVOIR L&rsquo;\u00c9PISODE\u00a0\u00bb style=\u00a0\u00bboutline\u00a0\u00bb color=\u00a0\u00bbwhite\u00a0\u00bb align=\u00a0\u00bbcenter\u00a0\u00bb i_icon_fontawesome=\u00a0\u00bbfas fa-play\u00a0\u00bb add_icon=\u00a0\u00bbtrue\u00a0\u00bb link=\u00a0\u00bburl:https%3A%2F%2Fallezvousfairevoir.com%2Findex.php%2Fsaison-2%2Fdepartement-domotique%2F|title:D%C3%A9partement%20Domotique\u00a0\u00bb][\/vc_column][\/vc_row][vc_row][vc_column][vc_empty_space height=\u00a0\u00bb70px\u00a0\u00bb][\/vc_column][\/vc_row][vc_row content_placement=\u00a0\u00bbmiddle\u00a0\u00bb][vc_column width=\u00a0\u00bb2\/3&Prime;][vc_single_image [&hellip;]<\/p>\n","protected":false},"author":1,"featured_media":0,"parent":0,"menu_order":0,"comment_status":"closed","ping_status":"closed","template":"","meta":[],"_links":{"self":[{"href":"https:\/\/allezvousfairevoir.com\/index.php\/wp-json\/wp\/v2\/pages\/7956"}],"collection":[{"href":"https:\/\/allezvousfairevoir.com\/index.php\/wp-json\/wp\/v2\/pages"}],"about":[{"href":"https:\/\/allezvousfairevoir.com\/index.php\/wp-json\/wp\/v2\/types\/page"}],"author":[{"embeddable":true,"href":"https:\/\/allezvousfairevoir.com\/index.php\/wp-json\/wp\/v2\/users\/1"}],"replies":[{"embeddable":true,"href":"https:\/\/allezvousfairevoir.com\/index.php\/wp-json\/wp\/v2\/comments?post=7956"}],"version-history":[{"count":4,"href":"https:\/\/allezvousfairevoir.com\/index.php\/wp-json\/wp\/v2\/pages\/7956\/revisions"}],"predecessor-version":[{"id":7987,"href":"https:\/\/allezvousfairevoir.com\/index.php\/wp-json\/wp\/v2\/pages\/7956\/revisions\/7987"}],"wp:attachment":[{"href":"https:\/\/allezvousfairevoir.com\/index.php\/wp-json\/wp\/v2\/media?parent=7956"}],"curies":[{"name":"wp","href":"https:\/\/api.w.org\/{rel}","templated":true}]}}

<p>[vc_row content_placement= »middle »][vc_column width= »2/3&Prime;][vc_single_image image= »7960&Prime; img_size= »large » alignment= »center »][/vc_column][vc_column width= »1/3&Prime;][vc_custom_heading text= »01. » google_fonts= »font_family:Roboto%3A100%2C100italic%2C300%2C300italic%2Cregular%2Citalic%2C500%2C500italic%2C700%2C700italic%2C900%2C900italic|font_style:700%20bold%20regular%3A700%3Anormal »][vc_column_text]</p>
<h3>Le Département Domotique.</h3>
<p>[/vc_column_text][vc_column_text]Parce que les mains, c&rsquo;est fait pour travailler. Découvrez l&rsquo;agence qui est déjà dans le futur.[/vc_column_text][vc_empty_space][vc_btn title= »VOIR L&rsquo;ÉPISODE » style= »outline » color= »white » align= »center » i_icon_fontawesome= »fas fa-play » add_icon= »true » link= »url:https%3A%2F%2Fallezvousfairevoir.com%2Findex.php%2Fsaison-2%2Fdepartement-domotique%2F|title:D%C3%A9partement%20Domotique »][/vc_column][/vc_row][vc_row][vc_column][vc_empty_space height= »70px »][/vc_column][/vc_row][vc_row content_placement= »middle »][vc_column width= »2/3&Prime;][vc_single_image image= »7959&Prime; img_size= »large » alignment= »center »][/vc_column][vc_column width= »1/3&Prime;][vc_custom_heading text= »02. » google_fonts= »font_family:Roboto%3A100%2C100italic%2C300%2C300italic%2Cregular%2Citalic%2C500%2C500italic%2C700%2C700italic%2C900%2C900italic|font_style:700%20bold%20regular%3A700%3Anormal »][vc_column_text]</p>
<h3 class="vc_custom_heading">Le Département Communication 2.0</h3>
<p>[/vc_column_text][vc_column_text]Découvre une agence qui a su mettre en place ses propres systèmes de communication en interne. Oui, demain, c’est maintenant chez Staenk.[/vc_column_text][vc_empty_space][vc_btn title= »VOIR L&rsquo;ÉPISODE » style= »outline » color= »white » align= »center » i_icon_fontawesome= »fas fa-play » add_icon= »true » link= »url:https%3A%2F%2Fallezvousfairevoir.com%2Findex.php%2Fsaison-2%2Fdepartement-communication%2F|title:D%C3%A9partement%20Communication%202.0&Prime;][/vc_column][/vc_row][vc_row][vc_column][vc_empty_space height= »70px »][/vc_column][/vc_row][vc_row content_placement= »middle »][vc_column width= »2/3&Prime;][vc_single_image image= »7961&Prime; img_size= »large » alignment= »center »][/vc_column][vc_column width= »1/3&Prime;][vc_custom_heading text= »03. » google_fonts= »font_family:Roboto%3A100%2C100italic%2C300%2C300italic%2Cregular%2Citalic%2C500%2C500italic%2C700%2C700italic%2C900%2C900italic|font_style:700%20bold%20regular%3A700%3Anormal »][vc_column_text]</p>
<h3 class="vc_custom_heading">Le Département de l&rsquo;Optimisation</h3>
<div id="gtx-trans" style="position: absolute; left: 211px; top: 54px;">
<div class="gtx-trans-icon"></div>
</div>
<p>[/vc_column_text][vc_column_text]Contre l’infantilisation, on préfère l’optimisation. Et, si en plus, ça permet d’apporter de la performance, alors on signe.[/vc_column_text][vc_empty_space][vc_btn title= »VOIR L&rsquo;ÉPISODE » style= »outline » color= »white » align= »center » i_icon_fontawesome= »fas fa-play » add_icon= »true » link= »url:https%3A%2F%2Fallezvousfairevoir.com%2Findex.php%2Fsaison-2%2Fdepartement-optimisation%2F|title:D%C3%A9partement%20Optimisation »][/vc_column][/vc_row][vc_row][vc_column][vc_empty_space height= »70px »][/vc_column][/vc_row][vc_row content_placement= »middle »][vc_column width= »2/3&Prime;][vc_single_image image= »7958&Prime; img_size= »large » alignment= »center »][/vc_column][vc_column width= »1/3&Prime;][vc_custom_heading text= »04. » google_fonts= »font_family:Roboto%3A100%2C100italic%2C300%2C300italic%2Cregular%2Citalic%2C500%2C500italic%2C700%2C700italic%2C900%2C900italic|font_style:700%20bold%20regular%3A700%3Anormal »][vc_column_text]</p>
<h3 class="vc_custom_heading">Le Département Bien-être</h3>
<div id="gtx-trans" style="position: absolute; left: 160px; top: 54px;">
<div class="gtx-trans-icon"></div>
</div>
<p>[/vc_column_text][vc_column_text]Stress au travail ? Pas dans une agence qui prend soin de ses équipes. On met tout en place pour que vous vous détendiez. Que vous le vouliez ou non, d’ailleurs.[/vc_column_text][vc_empty_space][vc_btn title= »VOIR L&rsquo;ÉPISODE » style= »outline » color= »white » align= »center » i_icon_fontawesome= »fas fa-play » add_icon= »true » link= »url:https%3A%2F%2Fallezvousfairevoir.com%2Findex.php%2Fsaison-2%2Fdepartement-bien-etre%2F|title:D%C3%A9partement%20Bien-%C3%AAtre »][/vc_column][/vc_row][vc_row][vc_column][vc_empty_space height= »70px »][/vc_column][/vc_row][vc_row content_placement= »middle »][vc_column width= »2/3&Prime;][vc_single_image image= »7957&Prime; img_size= »large » alignment= »center »][/vc_column][vc_column width= »1/3&Prime;][vc_custom_heading text= »05. » google_fonts= »font_family:Roboto%3A100%2C100italic%2C300%2C300italic%2Cregular%2Citalic%2C500%2C500italic%2C700%2C700italic%2C900%2C900italic|font_style:700%20bold%20regular%3A700%3Anormal »][vc_column_text]</p>
<h3 class="vc_custom_heading">Le Département Recrutement</h3>
<div id="gtx-trans" style="position: absolute; left: 186px; top: 54px;">
<div class="gtx-trans-icon"></div>
</div>
<p>[/vc_column_text][vc_column_text]Repenser en profondeur les modes de recrutements existants pour en proposer des plus innovants. C’est la lourde responsabilité de notre département recrutement pour choisir les meilleurs candidats. Et à la fin, il n’en restera qu’un.[/vc_column_text][vc_empty_space][vc_btn title= »VOIR L&rsquo;ÉPISODE » style= »outline » color= »white » align= »center » i_icon_fontawesome= »fas fa-play » add_icon= »true » link= »url:https%3A%2F%2Fallezvousfairevoir.com%2Findex.php%2Fsaison-2%2Fdepartement-recrutement%2F|title:D%C3%A9partement%20Recrutement »][/vc_column][/vc_row][vc_row][vc_column][vc_empty_space height= »50px »][/vc_column][/vc_row][vc_row][vc_column width= »2/3&Prime;][vc_single_image image= »7962&Prime; img_size= »large » alignment= »center »][/vc_column][vc_column width= »1/3&Prime;][vc_custom_heading text= »06. » google_fonts= »font_family:Roboto%3A100%2C100italic%2C300%2C300italic%2Cregular%2Citalic%2C500%2C500italic%2C700%2C700italic%2C900%2C900italic|font_style:700%20bold%20regular%3A700%3Anormal »][vc_column_text]</p>
<h3>Le Département RSE</h3>
<div id="gtx-trans" style="position: absolute; left: 252px; top: 54px;">
<div class="gtx-trans-icon"></div>
</div>
<p>[/vc_column_text][vc_column_text]Comme toute bonne entreprise qui se respecte, on a mis en place notre département RSE pour montrer qu’on en a quelque chose à faire des enjeux sociaux et environnementaux. Ça fait bien sur le site web.[/vc_column_text][vc_empty_space][vc_btn title= »VOIR L&rsquo;ÉPISODE » style= »outline » color= »white » align= »center » i_icon_fontawesome= »fas fa-play » add_icon= »true » link= »url:https%3A%2F%2Fallezvousfairevoir.com%2Findex.php%2Fsaison-2%2Fdepartement-rse%2F|title:D%C3%A9partement%20RSE »][/vc_column][/vc_row]</p>

<p>[vc_row content_placement= »middle »][vc_column width= »2/3&Prime;][vc_single_image image= »7960&Prime; img_size= »large » alignment= »center »][/vc_column][vc_column width= »1/3&Prime;][vc_custom_heading text= »01. » google_fonts= »font_family:Roboto%3A100%2C100italic%2C300%2C300italic%2Cregular%2Citalic%2C500%2C500italic%2C700%2C700italic%2C900%2C900italic|font_style:700%20bold%20regular%3A700%3Anormal »][vc_column_text] Le Département Domotique. [/vc_column_text][vc_column_text]Parce que les mains, c&rsquo;est fait pour travailler. Découvrez l&rsquo;agence qui est déjà dans le futur.[/vc_column_text][vc_empty_space][vc_btn title= »VOIR L&rsquo;ÉPISODE » style= »outline » color= »white » align= »center » i_icon_fontawesome= »fas fa-play » add_icon= »true » link= »url:https%3A%2F%2Fallezvousfairevoir.com%2Findex.php%2Fsaison-2%2Fdepartement-domotique%2F|title:D%C3%A9partement%20Domotique »][/vc_column][/vc_row][vc_row][vc_column][vc_empty_space height= »70px »][/vc_column][/vc_row][vc_row content_placement= »middle »][vc_column width= »2/3&Prime;][vc_single_image [&hellip;]</p>
